ighest common factor of 57925 and 28924?
7
Calculate the highest common factor of 54 and 28662714.
54
Calculate the greatest common divisor of 40088218 and 11845.
2369
Calculate the greatest common divisor of 999443 and 657.
73
What is the greatest common divisor of 1311036 and 444?
12
What is the greatest common factor of 3425948 and 20?
4
What is the highest common divisor of 1537584 and 312?
24
Calculate the highest common divisor of 4752 and 924000.
528
What is the greatest common divisor of 191865 and 3585?
15
What is the highest common factor of 41492 and 19492?
44
What is the greatest common divisor of 5116925 and 139975?
275
What is the highest common factor of 52 and 8567052?
52
What is the highest common factor of 540 and 20199000?
60
What is the highest common factor of 227321560 and 360?
40
Calculate the greatest common factor of 23277788 and 133344.
1852
Calculate the greatest common divisor of 1833452 and 1504.
4
What is the highest common factor of 4962750 and 165?
15
What is the greatest common divisor of 3051 and 4163259?
339
What is the highest common divisor of 65 and 15887885?
65
What is the greatest common factor of 188846073 and 9?
9
Calculate the highest common factor of 645955 and 27167830.
4715
Calculate the greatest common divisor of 24 and 3149192.
8
Calculate the greatest common factor of 34447 and 2272571.
931
Calculate the greatest common divisor of 9300 and 651248.
124
What is the highest common factor of 13038 and 240726?
318
What is the highest common divisor of 829417446 and 2574?
2574
What is the greatest common divisor of 244834608 and 144?
48
Calculate the highest common divisor of 2365 and 1033592505.
2365
Calculate the highest common divisor of 717600 and 175214.
598
Calculate the highest common factor of 2305347 and 363.
33
What is the greatest common factor of 923288 and 101656?
1048
Calculate the greatest common factor of 34 and 1072178321.
17
What is the highest common factor of 177282 and 38682?
126
Calculate the greatest common factor of 487484 and 24.
4
What is the greatest common divisor of 7936 and 2726512?
496
Calculate the highest common factor of 242 and 17353094.
242
Calculate the greatest common factor of 124150 and 13063063.
2483
Calculate the greatest common factor of 30 and 18292005.
15
Calculate the greatest common factor of 6432 and 127993584.
3216
Calculate the highest common factor of 2674 and 16922218.
382
What is the greatest common divisor of 4 and 519530182?
2
What is the greatest common factor of 39832856 and 133?
7
Calculate the greatest common factor of 18491 and 97581.
11
What is the greatest common divisor of 3276 and 239129436?
1092
Calculate the highest common factor of 480992 and 800.
32
What is the highest common divisor of 613649 and 23392?
17
What is the greatest common divisor of 3 and 1034751?
3
What is the greatest common factor of 14609484 and 201?
201
Calculate the greatest common divisor of 9776 and 1172368.
752
Calculate the highest common divisor of 252488570 and 55170.
6130
Calculate the greatest common divisor of 5586658 and 11.
11
Calculate the highest common divisor of 84 and 11907336.
84
Calculate the greatest common factor of 88325 and 425.
25
What is the highest common factor of 54 and 5168118?
6
Calculate the highest common factor of 54 and 300915099.
9
Calculate the greatest common divisor of 20038 and 13343846.
86
What is the greatest common factor of 12555 and 1019196?
27
Calculate the highest common divisor of 972820 and 4860270.
3830
What is the greatest common factor of 60500820 and 420?
60
Calculate the greatest common factor of 1347768 and 1296.
72
What is the highest common divisor of 5416143 and 8?
1
Calculate the greatest common factor of 75079816 and 896.
56
What is the highest common factor of 238 and 20558678?
238
Calculate the greatest common factor of 10075396 and 37.
37
Calculate the greatest common divisor of 70434 and 89679252.
3354
What is the highest common factor of 3112 and 59979132?
1556
What is the greatest common factor of 7196 and 1528352?
28
Calculate the greatest common divisor of 4856358 and 300.
6
Calculate the highest common divisor of 3015888 and 43149.
2271
What is the highest common divisor of 2811 and 27723019?
937
What is the highest common divisor of 16790421 and 94?
47
Calculate the highest common factor of 1082229 and 4947.
291
What is the greatest common factor of 78817 and 1072087?
293
Calculate the greatest common factor of 13101865 and 1225.
245
What is the highest common factor of 1034432 and 1904?
112
What is the greatest common divisor of 16632630 and 136170?
1530
What is the greatest common factor of 594 and 34842258?
594
Calculate the greatest common factor of 883671 and 168017.
703
Calculate the highest common factor of 150 and 6503450.
50
What is the highest common factor of 528 and 35175228?
132
What is the greatest common divisor of 729 and 58223988?
27
What is the highest common divisor of 16419448 and 8?
8
What is the greatest common factor of 1102392 and 16511784?
6024
Calculate the highest common divisor of 51308 and 2890012.
508
Calculate the highest common factor of 510 and 2383170.
30
Calculate the greatest common factor of 121523303 and 59.
59
What is the greatest common factor of 208227 and 121759059?
6717
What is the greatest common factor of 216 and 1278110610?
54
What is the highest common factor of 8435 and 412980974?
1687
What is the greatest common divisor of 18 and 7261857?
9
What is the highest common factor of 2672348 and 952?
28
Calculate the greatest common divisor of 33516 and 213199.
931
Calculate the greatest common factor of 70464 and 1104.
48
What is the highest common factor of 1981268 and 24768?
172
Calculate the greatest common factor of 286 and 58537853.
11
What is the greatest common factor of 51714919 and 107?
107
What is the highest common factor of 174624 and 5565712?
1712
Calculate the highest common factor of 5644800 and 96040.
1960
Calculate the greatest common divisor of 249280 and 3140.
20
What is the greatest common factor of 36 and 1196786472?
12
Calculate the highest common divisor of 126 and 32204102.
14
Calculate the highest common factor of 29089760 and 640.
160
What is the greatest common factor of 26852 and 161?
7
Calculate the highest common factor of 214506 and 10200.
102
What is the highest common factor of 33504921 and 167994?
4941
What is the highest common divisor of 7360 and 49013?
23
What is the greatest common divisor of 126 and 5371163?
7
What is the greatest common factor of 16797846 and 13?
13
What is the highest common factor of 136 and 88808816?
136
What is the highest common factor of 144055694 and 606?
202
Calculate the highest common divisor of 504 and 15380330.
14
What is the greatest common divisor of 1338901861 and 374?
187
Calculate the greatest common divisor of 140 and 2176370.
70
Calculate the greatest common factor of 4289397 and 75831.
3297
What is the greatest common divisor of 1495 and 27478790?
115
Calculate the highest common divisor of 25706972 and 2395.
479
What is the greatest common factor of 96883401 and 2325?
93
Calculate the greatest common factor of 38449923 and 123.
123
What is the highest common factor of 590 and 16034017?
59
What is the greatest common divisor of 350 and 348267725?
25
What is the highest common factor of 1410549727 and 9782?
4891
Calculate the highest common factor of 5681127 and 6873.
237
What is the greatest common factor of 1266159 and 667419?
1761
What is the greatest common divisor of 8 and 1419874328?
8
What is the greatest common divisor of 14442 and 1140222?
174
Calculate the greatest common divisor of 34 and 66607003.
17
Calculate the greatest common divisor of 10728162 and 72.
18
Calculate the highest common divisor of 126415 and 1048655.
655
What is the highest common divisor of 1023582176 and 3252?
1084
What is the highest common divisor of 35538 and 5064?
6
Calculate the greatest common divisor of 50419 and 533781.
127
Calculate the highest common divisor of 866460 and 138221.
2063
Calculate the greatest common factor of 293039432 and 4959.
551
Calculate the greatest common factor of 249271 and 110704.
187
Calculate the greatest common factor of 268632 and 254709.
819
What is the gr